{"id":102,"date":"2016-05-17T10:13:13","date_gmt":"2016-05-17T08:13:13","guid":{"rendered":"http:\/\/www.it8.cz\/kuk\/?page_id=102"},"modified":"2016-05-17T10:13:13","modified_gmt":"2016-05-17T08:13:13","slug":"memorandum-o-porozumeni","status":"publish","type":"page","link":"https:\/\/www.odborykuk.cz\/?page_id=102","title":{"rendered":"Memorandum o porozum\u011bn\u00ed"},"content":{"rendered":"<p>Dne 4. 9. 2014 bylo uzav\u0159eno mezi KUK a Asociac\u00ed \u010desk\u00fdch kameraman\u016f Memorandum o porozum\u011bn\u00ed. \u00da\u010delem memoranda o porozum\u011bn\u00ed bylo zaji\u0161t\u011bn\u00ed sou\u010dinnosti z\u00fa\u010dastn\u011bn\u00fdch stran s prosazov\u00e1n\u00edm A\u010cK Deklarace o Digit\u00e1ln\u011b restaurovan\u00e9m autoriz\u00e1tu (DRA), aby bylo mo\u017en\u00e9 smyslupln\u011b vynakl\u00e1dat nemal\u00e9 finan\u010dn\u00ed prost\u0159edky na digit\u00e1ln\u00ed restaurov\u00e1n\u00ed \u010desk\u00fdch film\u016f a jejich uveden\u00ed do digit\u00e1ln\u00edch kin, a doc\u00edlit tak prov\u00e1d\u011bn\u00ed digitaliza\u010dn\u00edch prac\u00ed v nejvy\u0161\u0161\u00ed dosa\u017eiteln\u00e9 kvalit\u011b, zaru\u010denou pou\u017eit\u00edm metodiky vych\u00e1zej\u00edc\u00ed z kameramansk\u00e9 Deklarace IMAGO o DRA. <\/p>\n","protected":false},"excerpt":{"rendered":"<p>Dne 4. 9. 2014 bylo uzav\u0159eno mezi KUK a Asociac\u00ed \u010desk\u00fdch kameraman\u016f Memorandum o porozum\u011bn\u00ed. \u00da\u010delem memoranda o porozum\u011bn\u00ed bylo zaji\u0161t\u011bn\u00ed sou\u010dinnosti z\u00fa\u010dastn\u011bn\u00fdch stran s prosazov\u00e1n\u00edm A\u010cK Deklarace o Digit\u00e1ln\u011b restaurovan\u00e9m autoriz\u00e1tu (DRA), aby bylo mo\u017en\u00e9 smyslupln\u011b vynakl\u00e1dat nemal\u00e9 finan\u010dn\u00ed prost\u0159edky na digit\u00e1ln\u00ed restaurov\u00e1n\u00ed \u010desk\u00fdch film\u016f a jejich uveden\u00ed do digit\u00e1ln\u00edch kin, a doc\u00edlit tak [&hellip;]<\/p>\n","protected":false},"author":1,"featured_media":0,"parent":0,"menu_order":0,"comment_status":"closed","ping_status":"closed","template":"","meta":[],"categories":[10],"tags":[],"_links":{"self":[{"href":"https:\/\/www.odborykuk.cz\/index.php?rest_route=\/wp\/v2\/pages\/102"}],"collection":[{"href":"https:\/\/www.odborykuk.cz\/index.php?rest_route=\/wp\/v2\/pages"}],"about":[{"href":"https:\/\/www.odborykuk.cz\/index.php?rest_route=\/wp\/v2\/types\/page"}],"author":[{"embeddable":true,"href":"https:\/\/www.odborykuk.cz\/index.php?rest_route=\/wp\/v2\/users\/1"}],"replies":[{"embeddable":true,"href":"https:\/\/www.odborykuk.cz\/index.php?rest_route=%2Fwp%2Fv2%2Fcomments&post=102"}],"version-history":[{"count":1,"href":"https:\/\/www.odborykuk.cz\/index.php?rest_route=\/wp\/v2\/pages\/102\/revisions"}],"predecessor-version":[{"id":103,"href":"https:\/\/www.odborykuk.cz\/index.php?rest_route=\/wp\/v2\/pages\/102\/revisions\/103"}],"wp:attachment":[{"href":"https:\/\/www.odborykuk.cz\/index.php?rest_route=%2Fwp%2Fv2%2Fmedia&parent=102"}],"wp:term":[{"taxonomy":"category","embeddable":true,"href":"https:\/\/www.odborykuk.cz\/index.php?rest_route=%2Fwp%2Fv2%2Fcategories&post=102"},{"taxonomy":"post_tag","embeddable":true,"href":"https:\/\/www.odborykuk.cz\/index.php?rest_route=%2Fwp%2Fv2%2Ftags&post=102"}],"curies":[{"name":"wp","href":"https:\/\/api.w.org\/{rel}","templated":true}]}}